millions digit of 714650336?
7
What is the thousands digit of 190788721?
8
What is the units digit of 298710747?
7
What is the tens digit of 1910738703?
0
What is the tens digit of 132726127?
2
What is the millions digit of 4302568651?
2
What is the ten thousands digit of 99211514?
1
What is the ten thousands digit of 98250270?
5
What is the thousands digit of 44503934?
3
What is the thousands digit of 1049859?
9
What is the ten thousands digit of 856020396?
2
What is the hundred thousands digit of 235916283?
9
What is the billions digit of 1281659392?
1
What is the hundred thousands digit of 165784494?
7
What is the tens digit of 175666820?
2
What is the hundreds digit of 57885853?
8
What is the thousands digit of 898844907?
4
What is the units digit of 127051001?
1
What is the millions digit of 93340722?
3
What is the hundred thousands digit of 397579085?
5
What is the tens digit of 94991398?
9
What is the units digit of 7422709?
9
What is the tens digit of 1228568535?
3
What is the ten thousands digit of 30073608?
7
What is the ten millions digit of 870065529?
7
What is the units digit of 32858580?
0
What is the ten thousands digit of 228707258?
0
What is the hundreds digit of 980053097?
0
What is the thousands digit of 281609824?
9
What is the ten millions digit of 1474867129?
7
What is the tens digit of 130704821?
2
What is the hundred thousands digit of 137368797?
3
What is the hundreds digit of 119024088?
0
What is the hundred thousands digit of 485288360?
2
What is the hundreds digit of 448518048?
0
What is the tens digit of 113190009?
0
What is the tens digit of 334038616?
1
What is the hundreds digit of 4042282368?
3
What is the thousands digit of 240606875?
6
What is the hundreds digit of 309491584?
5
What is the ten thousands digit of 95514088?
1
What is the ten millions digit of 2420303909?
2
What is the millions digit of 70042435?
0
What is the thousands digit of 87049899?
9
What is the ten millions digit of 341304117?
4
What is the tens digit of 190968897?
9
What is the ten millions digit of 1187263254?
8
What is the thousands digit of 737064661?
4
What is the millions digit of 433937551?
3
What is the units digit of 1313362307?
7
What is the millions digit of 183532949?
3
What is the units digit of 6403740?
0
What is the tens digit of 395988433?
3
What is the thousands digit of 2469652630?
2
What is the ten thousands digit of 111169379?
6
What is the tens digit of 66177892?
9
What is the hundred thousands digit of 201112101?
1
What is the thousands digit of 122597860?
7
What is the units digit of 58326296?
6
What is the millions digit of 5939728023?
9
What is the millions digit of 152414434?
2
What is the units digit of 1618738310?
0
What is the thousands digit of 1510608682?
8
What is the units digit of 848003102?
2
What is the ten millions digit of 56609715?
5
What is the ten millions digit of 2038502819?
3
What is the ten thousands digit of 14920972?
2
What is the millions digit of 1876719064?
6
What is the hundreds digit of 2976436297?
2
What is the ten thousands digit of 12680578?
8
What is the tens digit of 2171829101?
0
What is the ten millions digit of 282725646?
8
What is the units digit of 85399552?
2
What is the units digit of 178857769?
9
What is the ten millions digit of 85745730?
8
What is the tens digit of 28314881?
8
What is the tens digit of 606116438?
3
What is the ten thousands digit of 15630630?
3
What is the hundred millions digit of 505931787?
5
What is the hundred thousands digit of 562705747?
7
What is the thousands digit of 108701899?
1
What is the hundred thousands digit of 3330136733?
1
What is the units digit of 2052772151?
1
What is the millions digit of 162084051?
2
What is the ten millions digit of 32586642?
3
What is the thousands digit of 8700096047?
6
What is the ten thousands digit of 48903945?
0
What is the ten thousands digit of 823074140?
7
What is the millions digit of 24602390?
4
What is the ten millions digit of 6957121640?
5
What is the thousands digit of 185204297?
4
What is the units digit of 15447333?
3
What is the thousands digit of 389195647?
5
What is the ten millions digit of 174056542?
7
What is the hundred millions digit of 1133077837?
1
What is the ten thousands digit of 1136398712?
9
What is the hundreds digit of 1508083193?
1
What is the ten thousands digit of 397665176?
6
What is the ten millions digit of 45329589?
4
What is the tens digit of 682681501?
0
What is the units digit of 7202774024?
4
What is the hundred thousands digit of 135051829?
0
What is the ten thousands digit of 143928388?
2
What is the tens digit of 74787904?
0
What is the hundred millions digit of 662271570?
6
What is the hundred millions digit of 5770434268?
7
What is the millions digit of 220837846?
0
What is the thousands digit of 98045046?
5
What is the ten millions digit of 175518923?
7
What is the ten millions digit of 1524961293?
2
What is the ten millions digit of 294723526?
9
What is the hundred thousands digit of 12243300?
2
What is the millions digit of 602268929?
2
What is the thousands digit of 6340828?
0
What is the ten millions digit of 3763630973?
6
What is the ten thousands digit of 332051304?
5
What is the thousands digit of 36428563?
8
What is the hundreds digit of 2267513289?
2
What is the millions digit of 11674790?
1
What is the millions digit of 42381331?
2
What is the units digit of 856922969?
9
What is the hundred thousands digit of 250533797?
5
What is the ten millions digit of 326522399?
2
What is the tens digit of 43120248?
4
What is the units digit of 1791011978?
8
What is the millions digit of 4663660863?
3
What is the tens digit of 26073162?
6
What is the units digit of 2097724127?
7
What is the hundred thousands digit of 120915592?
9
What is the ten millions digit of 97060320?
9
What is the hundred millions digit of 116534309?
1
What is the ten millions digit of 245689304?
4
What is the ten millions digit of 76993112?
7
What is the thousands digit of 295054058?
4
What is the hundred millions digit of 2291023687?
2
What is the hundred millions digit of 1775200757?
7
What is the tens digit of 1763402165?
6
What is the hundreds digit of 4901896034?
0
What is the ten millions digit of 181684214?
8
What is the hundred millions digit of 124346155?
1
What is the ten millions digit of 2675500105?
7
What is the ten thousands digit of 17625502?
2
What is the hundred thousands digit of 3003830523?
8
What is the units digit of 74784615?
5
What is the ten millions digit of 181332302?
8
What is the billions digit of 3678296271?
3
What is the units digit of 637451247?
7
What is the billions digit of 1824926732?
1
What is the hundred thousands digit of 82590715?
5
What is the millions digit of 15306088?
5
What is the millions digit of 924229841?
4
What is the thousands digit of 13964340?
4
What is the ten thousands digit of 1063830964?
3
What is the hundred thousands digit of 1732371855?
3
What is the thousands digit of 2350713781?
3
What is the ten millions digit of 2588512257?
8
What is the units digit of 3744979831?
1
What is the tens digit of 1206622118?
1
What is the tens digit of 138288112?
1
What is the units digit of 396516643?
3
What is the units digit of 553222684?
4
What is the millions digit of 3038923720?
8
What is the millions digit of 351585500?
1
What is the hundred millions digit of 903531758?
9
What is the hundreds digit of 287958219?
2
What is the ten thousands digit of 1781229456?
2
What is the hundred thousands digit of 238716520?
7
What is the thousands digit of 77972917?
2
What is the hundred millions digit of 692502710?
6
What is the thousands digit of 1400830193?
0
What is the ten thousands digit of 11464452?
6
What is the thousands digit of 91163710?
3
What is the thousands digit of 353111860?
1
What is the tens digit of 13670065?
6
What is the hundred thousands digit of 44103102?
1
What is the hundred thousands digit of 452960688?
9
What is the hundreds digit of 2994209237?
2
What is the units digit of 4549625825?
5
What is the units digit of 29743062?
2
What is the ten thousands digit of 3024052140?
5
What is the ten thousands digit of 138042391?
4
What is the hundred thousands digit of 105898915?
8
What is the hundred thousands digit of 50410761?
4
What 